prime factors of 427831863.
3, 142610621
What are the prime factors of 23135032?
2, 43, 109, 617
List the prime factors of 42097164.
2, 3, 191, 18367
What are the prime factors of 391927890?
2, 3, 5, 67, 194989
What are the prime factors of 7212444118?
2, 11, 19, 97, 177883
List the prime factors of 22968466.
2, 1721, 6673
What are the prime factors of 1585523401?
7, 11, 20591213
What are the prime factors of 146224926?
2, 3, 71, 12713
List the prime factors of 3655544229.
3, 135390527
List the prime factors of 66456516.
2, 3, 7, 29, 27281
What are the prime factors of 157923820?
2, 5, 19, 73, 5693
What are the prime factors of 97247972?
2, 73, 333041
List the prime factors of 61236897.
3, 4513, 4523
What are the prime factors of 13252197?
3, 7, 17, 5303
What are the prime factors of 214097259?
3, 71365753
List the prime factors of 447523555.
5, 17, 59, 89237
List the prime factors of 2935277442.
2, 3, 179, 911011
List the prime factors of 1504399309.
7, 17, 19, 665369
List the prime factors of 13687836.
2, 3, 241, 4733
List the prime factors of 606107190.
2, 3, 5, 13, 757, 2053
List the prime factors of 6569649849.
3, 7, 421, 743089
What are the prime factors of 50610495?
3, 5, 13, 53, 59, 83
What are the prime factors of 54000811?
54000811
List the prime factors of 1438247179.
311, 1039, 4451
List the prime factors of 724187336.
2, 53, 971, 1759
List the prime factors of 12161530.
2, 5, 37, 32869
List the prime factors of 195516178.
2, 11, 13, 107, 6389
What are the prime factors of 19274050?
2, 5, 385481
What are the prime factors of 734850757?
97, 7575781
What are the prime factors of 394883668?
2, 98720917
What are the prime factors of 2722590494?
2, 13, 17, 43, 143249
What are the prime factors of 111467362?
2, 47, 1185823
What are the prime factors of 166621476?
2, 3, 7, 23, 86243
List the prime factors of 3401647221.
3, 7, 8389, 19309
List the prime factors of 554996562.
2, 3, 113, 818579
List the prime factors of 26322446.
2, 113, 116471
What are the prime factors of 52557163?
157, 334759
List the prime factors of 159578120.
2, 5, 13, 397, 773
List the prime factors of 2283539335.
5, 7, 11, 347, 17093
What are the prime factors of 121042733?
7, 17291819
List the prime factors of 834819528.
2, 3, 281, 123787
List the prime factors of 1447941380.
2, 5, 1873, 38653
List the prime factors of 2941784749.
2941784749
List the prime factors of 729754360.
2, 5, 179, 101921
What are the prime factors of 114614653?
313, 366181
List the prime factors of 418885782.
2, 3, 7, 1399, 7129
What are the prime factors of 294484742?
2, 331, 444841
List the prime factors of 63379602.
2, 3, 11, 13, 24623
List the prime factors of 128412645.
3, 5, 17, 433, 1163
List the prime factors of 16195390.
2, 5, 17, 95267
List the prime factors of 7453186.
2, 13, 173, 1657
What are the prime factors of 5413701?
3, 17, 101, 1051
List the prime factors of 353346399.
3, 7, 223, 3593
What are the prime factors of 128700550?
2, 5, 11, 29, 8069
List the prime factors of 12576085.
5, 223, 11279
List the prime factors of 670498665.
3, 5, 1579, 28309
List the prime factors of 843480211.
7, 17, 7088069
What are the prime factors of 21682879?
43, 293, 1721
List the prime factors of 284653786.
2, 2099, 67807
What are the prime factors of 1020850475?
5, 113, 361363
List the prime factors of 38341130.
2, 5, 523, 7331
What are the prime factors of 2373327168?
2, 3, 1663, 7433
List the prime factors of 229721218.
2, 73, 181, 8693
List the prime factors of 3249891184.
2, 203118199
List the prime factors of 473410964.
2, 13, 29, 313933
What are the prime factors of 87927025?
5, 1187, 2963
List the prime factors of 598687603.
89, 103, 65309
What are the prime factors of 1132720395?
3, 5, 313, 241261
List the prime factors of 1507762967.
3739, 403253
List the prime factors of 961858697.
37, 83, 313207
What are the prime factors of 20514661?
19, 307, 3517
List the prime factors of 123225614.
2, 37, 1665211
What are the prime factors of 90310708?
2, 22577677
What are the prime factors of 384219420?
2, 3, 5, 13, 191, 2579
List the prime factors of 178920492.
2, 3, 19, 227, 3457
What are the prime factors of 131993745?
3, 5, 13, 676891
What are the prime factors of 57315213?
3, 6368357
What are the prime factors of 79247568?
2, 3, 1650991
List the prime factors of 1908199894.
2, 8237, 115831
List the prime factors of 3558863156.
2, 22961, 38749
What are the prime factors of 142114695?
3, 5, 31, 131, 2333
List the prime factors of 15372593.
15372593
What are the prime factors of 4526227823?
13, 19, 229, 80021
List the prime factors of 68498094.
2, 3, 7, 23, 3083
List the prime factors of 543356515.
5, 13, 8359331
What are the prime factors of 118975114?
2, 1583, 37579
List the prime factors of 94315807.
59, 1598573
List the prime factors of 199303002.
2, 3, 17, 53, 12289
List the prime factors of 235931131.
131, 311, 5791
What are the prime factors of 47498761?
47498761
What are the prime factors of 102079330?
2, 5, 10207933
What are the prime factors of 307080959?
2843, 108013
What are the prime factors of 142859785?
5, 23, 41, 739
What are the prime factors of 146768078?
2, 73384039
What are the prime factors of 4418573751?
3, 17, 28879567
List the prime factors of 434792885.
5, 86958577
What are the prime factors of 1421432491?
31, 45852661
What are the prime factors of 1073846203?
673, 1595611
List the prime factors of 1805809726.
2, 7, 128986409
List the prime factors of 186084839.
17, 227, 48221
List the prime factors of 250097325.
3, 5, 1063, 3137
List the prime factors of 5387206697.
37, 2129, 68389
List the prime factors of 104533886.
2, 599, 87257
What are the prime factors of 22604419?
22604419
What are the prime factors of 9887999465?
5, 1977599893
What are the prime factors of 203547581?
31, 59, 109, 1021
What are the prime factors of 15008281?
1307, 11483
List the prime factors of 2511868207.
9929, 252983
What are the prime factors of 4420489673?
23981, 184333
What are the prime factors of 360941732?
2, 4259, 21187
List the prime factors of 3399804821.
7, 29, 233, 71879
What are the prime factors of 105878186?
2, 52939093
What are the prime factors of 179842554?
2, 3, 461, 21673
List the prime factors of 30779817.
3, 29, 499, 709
List the prime factors of 967692687.
3, 13, 463, 53591
List the prime factors of 8921524179.
3, 983, 3025271
List the prime factors of 193562985.
3, 5, 7, 11, 89, 269
What are the prime factors of 249626540?
2, 5, 1543, 8089
What are the prime factors of 2746577970?
2, 3, 5, 17, 3911
What are the prime factors of 1835484078?
2, 3, 83, 137, 26903
What are the prime factors of 83410522?
2, 13, 31, 239, 433
List the prime factors of 15989257.
15989257
List the prime factors of 672323687.
7, 313, 306857
What are the prime factors of 199808077?
7, 3527, 8093
What are the prime factors of 1181598487?
59, 61, 569, 577
What are the prime factors of 180288253?
180288253
What are the prime factors of 296963287?
41, 7243007
List the prime factors of 30694213.
11, 23, 121321
List the prime factors of 6503542.
2, 881, 3691
What are the prime factors of 6238407302?
2, 277, 11260663
List the prime factors of 3760428.
2, 3, 7, 89, 503
What are the prime factors of 1023918477?
3, 71, 4807129
What are the prime factors of 238554378?
2, 3, 53, 250057
What are the prime factors of 3964180356?
2, 3, 110116121
List the prime factors of 214056481.
89, 269, 8941
List the prime factors of 248998001.
7, 35571143
List the prime factors of 5594820.
2, 3, 5, 7, 11, 173
What are the prime factors of 432446243?
389, 1111687
What are the prime factors of 1786167981?
3, 13, 233, 65521
List the prime factors of 518189129.
613, 845333
List the prime factors of 11325539.
19, 596081
What are the prime factors of 976085355?
3, 5, 7, 9296051
What are the prime factors of 187994969?
1627, 115547
What are the prime factors of 2388364356?
2, 3, 7, 37, 768457
What are the prime factors of 447668547?
3, 293, 509293
List the prime factors of 2879948948.
2, 13669, 52673
What are the prime factors of 2483323136?
2, 7, 197969
List the prime factors of 65836712.
2, 2579, 3191
List the prime factors of 494947755.
3, 5, 59, 277, 673
What are the prime factors of 450782795?
5, 17, 5303327
List the p